{"id":1710,"date":"2013-01-25T17:39:00","date_gmt":"2013-01-25T16:39:00","guid":{"rendered":"http:\/\/www.hope-deutschland.de\/?page_id=1710"},"modified":"2024-04-30T08:19:06","modified_gmt":"2024-04-30T06:19:06","slug":"kindergarten","status":"publish","type":"page","link":"https:\/\/www.hope-deutschland.de\/?page_id=1710","title":{"rendered":"Kindergarten"},"content":{"rendered":"<p><strong>Oktober 2012<\/strong><\/p>\n<h2>Auslandspraktikum in Kenia<\/h2>\n<p><a href=\"http:\/\/www.hope-deutschland.de\/wp-content\/uploads\/2013\/01\/IMG_0768.jpg\"><img loading=\"lazy\" decoding=\"async\" class=\"alignleft  wp-image-1652\" src=\"http:\/\/www.hope-deutschland.de\/wp-content\/uploads\/2013\/01\/IMG_0768.jpg\" alt=\"Johanna with all children\" width=\"614\" height=\"461\" srcset=\"https:\/\/www.hope-deutschland.de\/wp-content\/uploads\/2013\/01\/IMG_0768.jpg 1024w, https:\/\/www.hope-deutschland.de\/wp-content\/uploads\/2013\/01\/IMG_0768-300x225.jpg 300w\" sizes=\"auto, (max-width: 614px) 100vw, 614px\" \/><\/a><\/p>\n<p><strong>&nbsp;<\/strong><\/p>\n<p>Seit 1. Oktober 2012 absolviert Johanna ein Auslandspraktikum bei &#8222;hope&#8220; in unserem Projekt in Mbale.<\/p>\n<p>Sie ist somit unsere erste Praktikantin!<\/p>\n<p>Nach ihrem Abitur wollte Johanna ihren pers\u00f6nlichen Horizont erweitern; deshalb entschloss sie sich f\u00fcr eine sinnvolle und praxisbezogene T\u00e4tigkeit und hat sich bei &#8222;hope&#8220; f\u00fcr einen<br \/>\n2-monatigen Einsatz im Projektgebiet in Kenia beworben.<\/p>\n<p>Nun begleitet sie unsere Koordinatorin Recky Awino Kyalo bereits seit 14 Tagen.<br \/>\nRecky steht ihr auch zur Seite, wenn es darum geht, die teilweise schwer zu verkraftenden Eindr\u00fccke zu verarbeiten.<br \/>\nNeben den zum Teil unfassbaren Schicksalen der Menschen vor Ort, gibt es aber t\u00e4glich auch viel Erfreuliches und Positives zu erleben.<br \/>\nZum Beispiel die regelm\u00e4\u00dfigen Begegnungen mit unseren Kindergartenkindern, mit denen Johanna spielt, singt und bastelt.<\/p>\n<p>Ihr Praktikum umfasst aber auch die Mitarbeit bei der Planung und Organisation von neuen Projekten.<\/p>\n<p>Bereits jetzt &#8211; nach nur 14 Tagen &#8211; stellt Johanna fest, dass sich ihr pers\u00f6nlicher Horizont t\u00e4glich erweitert:<br \/>\ndurch traurige Schicksale, unfassbare Umst\u00e4nde, hoffnungsvolle Kinderaugen, aber auch durch die vielen positiven Begegnungen mit liebenswerten und durchaus auch fr\u00f6hlichen Menschen.<\/p>\n<div id=\"attachment_1653\" style=\"width: 618px\" class=\"wp-caption alignleft\"><a href=\"http:\/\/www.hope-deutschland.de\/wp-content\/uploads\/2013\/01\/IMG_0793.jpg\"><img loading=\"lazy\" decoding=\"async\" aria-describedby=\"caption-attachment-1653\" class=\" wp-image-1653 \" src=\"http:\/\/www.hope-deutschland.de\/wp-content\/uploads\/2013\/01\/IMG_0793.jpg\" alt=\"The children are so happy about Johannas visit.\" width=\"608\" height=\"461\" srcset=\"https:\/\/www.hope-deutschland.de\/wp-content\/uploads\/2013\/01\/IMG_0793.jpg 1013w, https:\/\/www.hope-deutschland.de\/wp-content\/uploads\/2013\/01\/IMG_0793-300x227.jpg 300w\" sizes=\"auto, (max-width: 608px) 100vw, 608px\" \/><\/a><p id=\"caption-attachment-1653\" class=\"wp-caption-text\">The children are so happy about Johannas visit.<\/p><\/div>\n<p>&nbsp;<\/p>\n<p>Oktober 2012<\/p>\n<h2>Der Kindergarten wurde renoviert<\/h2>\n<p><a href=\"http:\/\/www.hope-deutschland.de\/wp-content\/uploads\/2013\/01\/neu5.jpg\"><img loading=\"lazy\" decoding=\"async\" class=\"alignleft size-full wp-image-1633\" src=\"http:\/\/www.hope-deutschland.de\/wp-content\/uploads\/2013\/01\/neu5.jpg\" alt=\"Neu renoviertes Zimmer\" width=\"500\" height=\"667\" srcset=\"https:\/\/www.hope-deutschland.de\/wp-content\/uploads\/2013\/01\/neu5.jpg 500w, https:\/\/www.hope-deutschland.de\/wp-content\/uploads\/2013\/01\/neu5-224x300.jpg 224w\" sizes=\"auto, (max-width: 500px) 100vw, 500px\" \/><\/a><\/p>\n<p>Die R\u00e4ume unseres Kindergartens, die uns vom \u00f6rtlichen Pfarrer zur Verf\u00fcgung gestellt werden, haben diesen Sommer den l\u00e4ngst f\u00e4lligen Innenanstrich bekommen.<\/p>\n<p>Aus Kostengr\u00fcnden wurden allerdings nur die beiden Innenr\u00e4ume mit frischer Farbe versehen.<\/p>\n<p>Zus\u00e4tzlich finanzierte &#8222;hope&#8220; Regale, um vorhandene Spiel- und Lernmaterialien geordnet unterzubringen.<\/p>\n<p>Auch ein speziell angefertigtes K\u00fcchenregal zur Unterbringung aller ben\u00f6tigten Utensilien (T\u00f6pfe, Teller, Besteck, Tassen ect.) wurde angefertigt und montiert.<\/p>\n<p>Nach erfolgter &#8222;Renovierung-Aktion&#8220; herrschte einhellige Begeisterung: auf Seiten der Kinder, der Erzieherinnen und des Pfarrers.<\/p>\n\n\t\t<style type=\"text\/css\">\n\t\t\t#gallery-1 {\n\t\t\t\tmargin: auto;\n\t\t\t}\n\t\t\t#gallery-1 .gallery-item {\n\t\t\t\tfloat: left;\n\t\t\t\tmargin-top: 10px;\n\t\t\t\ttext-align: center;\n\t\t\t\twidth: 50%;\n\t\t\t}\n\t\t\t#gallery-1 img {\n\t\t\t\tborder: 2px solid #cfcfcf;\n\t\t\t}\n\t\t\t#gallery-1 .gallery-caption {\n\t\t\t\tmargin-left: 0;\n\t\t\t}\n\t\t\t\/* see gallery_shortcode() in wp-includes\/media.php *\/\n\t\t<\/style>\n\t\t<div id='gallery-1' class='gallery galleryid-1710 gallery-columns-2 gallery-size-thumbnail'><dl class='gallery-item'>\n\t\t\t<dt class='gallery-icon portrait'>\n\t\t\t\t<a href='https:\/\/www.hope-deutschland.de\/?attachment_id=1634'><img loading=\"lazy\" decoding=\"async\" width=\"150\" height=\"150\" src=\"https:\/\/www.hope-deutschland.de\/wp-content\/uploads\/2013\/01\/regale1-150x150.jpg\" class=\"attachment-thumbnail size-thumbnail\" alt=\"\" \/><\/a>\n\t\t\t<\/dt><\/dl><dl class='gallery-item'>\n\t\t\t<dt class='gallery-icon landscape'>\n\t\t\t\t<a href='https:\/\/www.hope-deutschland.de\/?attachment_id=1632'><img loading=\"lazy\" decoding=\"async\" width=\"150\" height=\"150\" src=\"https:\/\/www.hope-deutschland.de\/wp-content\/uploads\/2013\/01\/Neu4-150x150.jpg\" class=\"attachment-thumbnail size-thumbnail\" alt=\"\" aria-describedby=\"gallery-1-1632\" \/><\/a>\n\t\t\t<\/dt>\n\t\t\t\t<dd class='wp-caption-text gallery-caption' id='gallery-1-1632'>\n\t\t\t\tThe children are so happy about their &#8222;new&#8220; nursery school. Learning makes a lot of fun now.\n\t\t\t\t<\/dd><\/dl><br style=\"clear: both\" \/><dl class='gallery-item'>\n\t\t\t<dt class='gallery-icon landscape'>\n\t\t\t\t<a href='https:\/\/www.hope-deutschland.de\/?attachment_id=1630'><img loading=\"lazy\" decoding=\"async\" width=\"150\" height=\"150\" src=\"https:\/\/www.hope-deutschland.de\/wp-content\/uploads\/2013\/01\/Neu2-150x150.jpg\" class=\"attachment-thumbnail size-thumbnail\" alt=\"\" \/><\/a>\n\t\t\t<\/dt><\/dl><dl class='gallery-item'>\n\t\t\t<dt class='gallery-icon landscape'>\n\t\t\t\t<a href='https:\/\/www.hope-deutschland.de\/?attachment_id=1629'><img loading=\"lazy\" decoding=\"async\" width=\"150\" height=\"150\" src=\"https:\/\/www.hope-deutschland.de\/wp-content\/uploads\/2013\/01\/Neu-1-150x150.jpg\" class=\"attachment-thumbnail size-thumbnail\" alt=\"\" \/><\/a>\n\t\t\t<\/dt><\/dl><br style=\"clear: both\" \/>\n\t\t<\/div>\n\n<p>August 2012<\/p>\n<h2>Pullis f\u00fcr unsere Kindergartenkinder<\/h2>\n<div id=\"attachment_1536\" style=\"width: 510px\" class=\"wp-caption alignleft\"><a href=\"http:\/\/www.hope-deutschland.de\/wp-content\/uploads\/2012\/08\/Gruppenbild-sweater.jpg\"><img loading=\"lazy\" decoding=\"async\" aria-describedby=\"caption-attachment-1536\" class=\"size-full wp-image-1536\" src=\"http:\/\/www.hope-deutschland.de\/wp-content\/uploads\/2012\/08\/Gruppenbild-sweater.jpg\" alt=\"All 40 nursery-children got sweaters. Look how happy they are!\" width=\"500\" height=\"375\" srcset=\"https:\/\/www.hope-deutschland.de\/wp-content\/uploads\/2012\/08\/Gruppenbild-sweater.jpg 500w, https:\/\/www.hope-deutschland.de\/wp-content\/uploads\/2012\/08\/Gruppenbild-sweater-300x225.jpg 300w\" sizes=\"auto, (max-width: 500px) 100vw, 500px\" \/><\/a><p id=\"caption-attachment-1536\" class=\"wp-caption-text\">All 40 nursery-children got sweaters. Look how happy they are!<\/p><\/div>\n<p>Kaum zu glauben, w\u00e4hrend bei uns Hochsommer ist, ist es in Western Province in Kenia, vor allem in den Morgenstunden, empfindlich k\u00fchl.<\/p>\n<p>Liegt schon der Lake Victoria in Kisumu auf ca. 1100 Meter \u00fcber dem Meeresspiegel, so liegt Mbale nochmals ca. 300 m h\u00f6her.<\/p>\n<p>Aus diesem Grund haben nun alle 40 Kindegartenkindern einen warmen Pulli bekommen.<\/p>\n\n\t\t<style type=\"text\/css\">\n\t\t\t#gallery-2 {\n\t\t\t\tmargin: auto;\n\t\t\t}\n\t\t\t#gallery-2 .gallery-item {\n\t\t\t\tfloat: left;\n\t\t\t\tmargin-top: 10px;\n\t\t\t\ttext-align: center;\n\t\t\t\twidth: 33%;\n\t\t\t}\n\t\t\t#gallery-2 img {\n\t\t\t\tborder: 2px solid #cfcfcf;\n\t\t\t}\n\t\t\t#gallery-2 .gallery-caption {\n\t\t\t\tmargin-left: 0;\n\t\t\t}\n\t\t\t\/* see gallery_shortcode() in wp-includes\/media.php *\/\n\t\t<\/style>\n\t\t<div id='gallery-2' class='gallery galleryid-1710 gallery-columns-3 gallery-size-thumbnail'><dl class='gallery-item'>\n\t\t\t<dt class='gallery-icon landscape'>\n\t\t\t\t<a href='https:\/\/www.hope-deutschland.de\/?attachment_id=1535'><img loading=\"lazy\" decoding=\"async\" width=\"150\" height=\"150\" src=\"https:\/\/www.hope-deutschland.de\/wp-content\/uploads\/2012\/08\/Anprobe-150x150.jpg\" class=\"attachment-thumbnail size-thumbnail\" alt=\"\" aria-describedby=\"gallery-2-1535\" \/><\/a>\n\t\t\t<\/dt>\n\t\t\t\t<dd class='wp-caption-text gallery-caption' id='gallery-2-1535'>\n\t\t\t\tAll of them want to put on the new pullovers.\n\t\t\t\t<\/dd><\/dl><dl class='gallery-item'>\n\t\t\t<dt class='gallery-icon landscape'>\n\t\t\t\t<a href='https:\/\/www.hope-deutschland.de\/?attachment_id=1537'><img loading=\"lazy\" decoding=\"async\" width=\"150\" height=\"150\" src=\"https:\/\/www.hope-deutschland.de\/wp-content\/uploads\/2012\/08\/Joy-about-swaeter-150x150.jpg\" class=\"attachment-thumbnail size-thumbnail\" alt=\"\" aria-describedby=\"gallery-2-1537\" \/><\/a>\n\t\t\t<\/dt>\n\t\t\t\t<dd class='wp-caption-text gallery-caption' id='gallery-2-1537'>\n\t\t\t\tJoy about the sweater.\n\t\t\t\t<\/dd><\/dl>\n\t\t\t<br style='clear: both' \/>\n\t\t<\/div>\n\n<p><strong>M\u00e4rz 2012<\/strong><\/p>\n<h2>Moskitonetzte f\u00fcr unsere Kindergartenkinder<\/h2>\n<div id=\"attachment_1612\" style=\"width: 410px\" class=\"wp-caption alignleft\"><a href=\"http:\/\/www.hope-deutschland.de\/wp-content\/uploads\/2012\/03\/Mosquito-nets.jpg\"><img loading=\"lazy\" decoding=\"async\" aria-describedby=\"caption-attachment-1612\" class=\"size-full wp-image-1612\" src=\"http:\/\/www.hope-deutschland.de\/wp-content\/uploads\/2012\/03\/Mosquito-nets.jpg\" alt=\"Stolz zeigen die Kinder ihre Moskitonetze\" width=\"400\" height=\"300\" srcset=\"https:\/\/www.hope-deutschland.de\/wp-content\/uploads\/2012\/03\/Mosquito-nets.jpg 400w, https:\/\/www.hope-deutschland.de\/wp-content\/uploads\/2012\/03\/Mosquito-nets-300x225.jpg 300w\" sizes=\"auto, (max-width: 400px) 100vw, 400px\" \/><\/a><p id=\"caption-attachment-1612\" class=\"wp-caption-text\">Stolz zeigen die Kinder ihre Moskitonetze<\/p><\/div>\n<p>Auch im 21. Jahrhundert geh\u00f6rt die Malaria zu den gef\u00e4hrlichsten Infektionskrankheiten, die j\u00e4hrlich \u00fcber eine Million Todesopfer fordert. Besonders in Afrika &#8211; hier vor allem Kinder unter 5 Jahren.<\/p>\n<p>Der Erreger der &#8222;Malaria Tropica&#8220; wird durch den Stich der weiblichen Stechm\u00fccke Anopheles von bereits infizierten auf gesunde Menschen \u00fcbertragen.<\/p>\n<p>Unsere Kindergartenkinder haben nun Moskitonetzte erhalten, die sie vor den gef\u00e4hrlichen Stechm\u00fccken sch\u00fctzen.<\/p>\n<div id=\"attachment_1613\" style=\"width: 410px\" class=\"wp-caption alignleft\"><a href=\"http:\/\/www.hope-deutschland.de\/wp-content\/uploads\/2012\/03\/Sweets.jpg\"><img loading=\"lazy\" decoding=\"async\" aria-describedby=\"caption-attachment-1613\" class=\"size-full wp-image-1613\" src=\"http:\/\/www.hope-deutschland.de\/wp-content\/uploads\/2012\/03\/Sweets.jpg\" alt=\"Robert distributed\" width=\"400\" height=\"300\" srcset=\"https:\/\/www.hope-deutschland.de\/wp-content\/uploads\/2012\/03\/Sweets.jpg 400w, https:\/\/www.hope-deutschland.de\/wp-content\/uploads\/2012\/03\/Sweets-300x225.jpg 300w\" sizes=\"auto, (max-width: 400px) 100vw, 400px\" \/><\/a><p id=\"caption-attachment-1613\" class=\"wp-caption-text\">Robert distributed<\/p><\/div>\n<p>Zur Freude aller Kinder wurden selbstverst\u00e4ndlich auch S\u00fc\u00dfigkeiten verteilt.<\/p>\n<p>Ab sofort erh\u00e4lt jedes im Kindergarten neu aufgenommene Kind &#8211; neben Kindergartenuniform und regelm\u00e4\u00dfigen Mahlzeiten &#8211; auch ein Moskitonetz ausgeh\u00e4ndigt.<\/p>\n<p><strong>Juni<em>&nbsp;<\/em> 2011<\/strong><\/p>\n<h2>Kindergarten er\u00f6ffnet!<\/h2>\n<p style=\"text-align: center;\"><a href=\"http:\/\/www.hope-deutschland.de\/wp-content\/uploads\/2013\/01\/Kindergarten.jpg\"><img loading=\"lazy\" decoding=\"async\" class=\"aligncenter  wp-image-1814\" title=\"Kindergarten\" src=\"http:\/\/www.hope-deutschland.de\/wp-content\/uploads\/2013\/01\/Kindergarten.jpg\" alt=\"\" width=\"700\" height=\"554\" srcset=\"https:\/\/www.hope-deutschland.de\/wp-content\/uploads\/2013\/01\/Kindergarten.jpg 1000w, https:\/\/www.hope-deutschland.de\/wp-content\/uploads\/2013\/01\/Kindergarten-300x237.jpg 300w\" sizes=\"auto, (max-width: 700px) 100vw, 700px\" \/><\/a><\/p>\n<div>\n<dl id=\"attachment_463\">\n<dd>Die Kinder vor ihrem neuen Kindergarten (v.l. Marlies Huber-Boch, Recky Awino Kyalo, Gabi Lingenfelser -Lutz und unsere Kinderg\u00e4rtnerin Mable Keya.<\/dd>\n<\/dl>\n<\/div>\n<p>Eine enorme Termindichte pr\u00e4gte den j\u00fcngsten Besuch von Marlies Huber-Boch und Gabi Lingenfelser-Lutz in unserem Projekt in Western-Province \/Kenia.<\/p>\n<p>So war jeder der insgesamt 10 Tage von fr\u00fchmorgens bis zum Einbruch der Dunkelheit verplant &#8211; ein \u00e4u\u00dferst anstrengender Arbeitseinsatz.<\/p>\n<p>Vieles wurde umgesetzt, fertiggestellt und angesto\u00dfen &#8211; vor allem<\/p>\n<p>durch die hervorragende Planung von Recky Awino Kyalo, unserer Koordinatorin vor Ort.<\/p>\n<p>Besonders stolz sind wir darauf , dass unser Kindergarten f\u00fcr insgesamt 25 Kinder eingeweiht werden konnte.<\/p>\n<p>Die Kinder werden von einer ausgebildeten Erzieherin betreut, deren Gehalt zu zwei Dritteln von &#8222;hope&#8220; \u00fcbernommen wird, ein Drittel muss eine der dortigen Selbsthilfegruppen aufbringen.<\/p>\n<p>Die R\u00e4umlichkeit wird vom \u00f6rtlichen Priester zur Verf\u00fcgung gestellt.<\/p>\n<p>Die Ausstattung mit B\u00e4nken und Tischen, sowie die f\u00fcr die Vorschulerziehung ben\u00f6tigten Materialien, finanziert &#8222;hope&#8220;.<\/p>\n<p>Aufgrund der schlechten Gesundheitszust\u00e4nde ( haupts\u00e4chlich sind die Kinder unterern\u00e4hrt), haben sich Marlies Huber-Boch und Gabi Lingenfelser-Lutz spontan entschlossen, ein &#8222;Children &#8211; Feeding &#8211; Program&#8220; zu initiieren.<\/p>\n<p>Das hei\u00dft, &#8222;hope&#8220; \u00fcbernimmt ab sofort die Kosten f\u00fcr die Nahrungsmittel, die gebraucht werden, um den Kindergartenkindern eine warme &#8211; und vor allem gesunde- Mahlzeit pro Tag zur Verf\u00fcgung zu stellen.<\/p>\n<p>Die Zubereitung dieser Mahlzeit \u00fcbernehmen im Wechsel die Frauen der Selbsthilfegruppen.<br \/>\n<a href=\"http:\/\/www.hope-deutschland.de\/wp-content\/uploads\/2013\/01\/Bravine-m-Gabi-k.jpg\"><img loading=\"lazy\" decoding=\"async\" class=\"aligncenter size-medium wp-image-1815\" title=\"Bravine m Gabi k\" src=\"http:\/\/www.hope-deutschland.de\/wp-content\/uploads\/2013\/01\/Bravine-m-Gabi-k-300x225.jpg\" alt=\"\" width=\"300\" height=\"225\" srcset=\"https:\/\/www.hope-deutschland.de\/wp-content\/uploads\/2013\/01\/Bravine-m-Gabi-k-300x225.jpg 300w, https:\/\/www.hope-deutschland.de\/wp-content\/uploads\/2013\/01\/Bravine-m-Gabi-k.jpg 500w\" sizes=\"auto, (max-width: 300px) 100vw, 300px\" \/><\/a> Gabi Lingenfelser Lutz \u00fcbergibt Bravine sein Kindergartent\u00e4schchen.<\/p>\n<div>\n<dl>\n<dt><\/dt>\n<dt><\/dt>\n<\/dl>\n<div id=\"attachment_1821\" style=\"width: 160px\" class=\"wp-caption alignleft\"><a href=\"http:\/\/www.hope-deutschland.de\/wp-content\/uploads\/2013\/01\/Bravine-k1.jpg\"><img loading=\"lazy\" decoding=\"async\" aria-describedby=\"caption-attachment-1821\" class=\"size-thumbnail wp-image-1821 \" title=\"Bravine k\" src=\"http:\/\/www.hope-deutschland.de\/wp-content\/uploads\/2013\/01\/Bravine-k1-150x150.jpg\" alt=\"\" width=\"150\" height=\"150\"><\/a><p id=\"caption-attachment-1821\" class=\"wp-caption-text\">Bravine kann es noch gar nicht glauben, dass er ab heute ein Kindergartenkind ist.<\/p><\/div>\n<dl id=\"attachment_470\">\n<dt>Mehr als 30 weitere Kinder sollten ebenfalls in unser Kindergartenprogramm aufgenommen werden &#8211; leider fehlen hier im Moment noch die Mittel f\u00fcr die Notwendige r\u00e4umliche Erweiterung und f\u00fcr das &#8222;Feeding &#8211; Program&#8220;.<\/dt>\n<\/dl>\n<\/div>\n<p>Bei der Einweihung des Kindergartens bekam jedes Kindergartenkind ein &#8222;Starter-Set&#8220;, bestehend aus einem T\u00e4schchen &#8211; nochmals herzlichen Dank an<\/p>\n<p>Barbara (&#8220; Barbarella&#8220; Kindermoden, Bruchsal)-,das mit Malb\u00fcchern, Stiften, Radiergummi etc., sowie einigen S\u00fc\u00dfigkeiten gef\u00fcllt war.<\/p>\n<p>F\u00fcr viele kranke Kinder muss kontinuierliche \u00e4rztliche Versorgung sichergestellt werden. Deshalb ist es dringend erforderlich<\/p>\n<p><strong>Pateneltern f\u00fcr unsere<\/strong> <strong>Kindergartenkinder zu finden.<\/strong><\/p>\n<p><strong>Schon mit 10,- \u20ac monatlich sind der Kindergartenbesuch inklusive Mahlzeit und die notwendige \u00e4rztliche Versorgung sichergestellt.<\/strong><\/p>\n<p><strong>Wenn Sie Pate werden m\u00f6chten senden sie uns den <\/strong><strong>( <a href=\"http:\/\/www.hope-deutschland.de\/wp-content\/uploads\/Faxantrag-Pate-F\u00d6.pdf\">Faxantrag Pate<\/a><\/strong><strong> ) per Fax oder auf dem Postweg zur\u00fcck. oder senden Sie uns eine Mail an info@hope-deutschland.de<\/strong><\/p>\n<p>Bei der Einweihungsfeier unseres Kindergartens erhielten alle Anwesenden (ca. 80 Personen) 2 kg Mais und 1 kg Reis ausgeh\u00e4ndigt.<\/p>\n<div id=\"attachment_1828\" style=\"width: 310px\" class=\"wp-caption alignleft\"><a href=\"http:\/\/www.hope-deutschland.de\/wp-content\/uploads\/2013\/01\/N\u00e4hkurs-k.jpg\"><img loading=\"lazy\" decoding=\"async\" aria-describedby=\"caption-attachment-1828\" class=\"size-medium wp-image-1828\" title=\"N\u00e4hkurs k\" src=\"http:\/\/www.hope-deutschland.de\/wp-content\/uploads\/2013\/01\/N\u00e4hkurs-k-300x237.jpg\" alt=\"\" width=\"300\" height=\"237\" srcset=\"https:\/\/www.hope-deutschland.de\/wp-content\/uploads\/2013\/01\/N\u00e4hkurs-k-300x237.jpg 300w, https:\/\/www.hope-deutschland.de\/wp-content\/uploads\/2013\/01\/N\u00e4hkurs-k.jpg 500w\" sizes=\"auto, (max-width: 300px) 100vw, 300px\" \/><\/a><p id=\"caption-attachment-1828\" class=\"wp-caption-text\">Das Interesse am N\u00e4hkurs war gro\u00df, 25 Frauen meldeten sich an.<\/p><\/div>\n<p>F\u00fcr interessierte M\u00fctter ist ein N\u00e4hkurs geplant, den eine uns bekannte ausgebildete Schneiderin aus Kisumu zusammen mit einer weiteren Schneiderin inWestern-Province f\u00fcr unser Projekt anbietet.Die N\u00e4hmaschinen finanziert &#8222;hope&#8220;.<\/p>\n<div>\n<dl id=\"attachment_479\">\n<dt><\/dt>\n<dd>Das Interesse am N\u00e4hkurs war gro\u00df. 25 Frauen meldeten sich an.<\/dd>\n<\/dl>\n<\/div>\n<p>Ein sch\u00f6ner Abschluss des Aufenthaltes in Kenia war der sehr beeindruckende Besuch bei &#8220; Mama Sarah&#8220;, der Gro\u00dfmutter v\u00e4terlicherseits von US &#8211; Pr\u00e4sident Barack Obama.<\/p>\n<div>\n<dl id=\"attachment_480\">\n<dt><\/dt>\n<dd>\n<p><div id=\"attachment_1826\" style=\"width: 263px\" class=\"wp-caption alignleft\"><a href=\"http:\/\/www.hope-deutschland.de\/wp-content\/uploads\/2013\/01\/Gabi-mit-Sarah-Obama.jpg\"><img loading=\"lazy\" decoding=\"async\" aria-describedby=\"caption-attachment-1826\" class=\" wp-image-1826 \" title=\"Gabi mit Sarah Obama\" src=\"http:\/\/www.hope-deutschland.de\/wp-content\/uploads\/2013\/01\/Gabi-mit-Sarah-Obama-300x225.jpg\" alt=\"\" width=\"253\" height=\"192\"><\/a><p id=\"caption-attachment-1826\" class=\"wp-caption-text\">Gabi Lingenfelser-Lutz im Gespr\u00e4ch mit Sarah Obama.<\/p><\/div><\/dd>\n<\/dl>\n<\/div>\n<div>\n<div id=\"attachment_1827\" style=\"width: 266px\" class=\"wp-caption alignright\"><a href=\"http:\/\/www.hope-deutschland.de\/wp-content\/uploads\/2013\/01\/Marlies-mit-Sarah-Obama.jpg\"><img loading=\"lazy\" decoding=\"async\" aria-describedby=\"caption-attachment-1827\" class=\"wp-image-1827 \" title=\"Marlies mit Sarah Obama\" src=\"http:\/\/www.hope-deutschland.de\/wp-content\/uploads\/2013\/01\/Marlies-mit-Sarah-Obama-300x225.jpg\" alt=\"\" width=\"256\" height=\"193\" srcset=\"https:\/\/www.hope-deutschland.de\/wp-content\/uploads\/2013\/01\/Marlies-mit-Sarah-Obama-300x225.jpg 300w, https:\/\/www.hope-deutschland.de\/wp-content\/uploads\/2013\/01\/Marlies-mit-Sarah-Obama.jpg 500w\" sizes=\"auto, (max-width: 256px) 100vw, 256px\" \/><\/a><p id=\"caption-attachment-1827\" class=\"wp-caption-text\">Marlies Huber-Boch und Sarah Obama, beide genossen den gemeinsamen Nachmittag..<\/p><\/div>\n<dl id=\"attachment_481\">\n<dt><\/dt>\n<dd><\/dd>\n<dd><\/dd>\n<dd><\/dd>\n<dd><\/dd>\n<dd><\/dd>\n<dd><\/dd>\n<dd><\/dd>\n<dd><\/dd>\n<dd><\/dd>\n<dd><\/dd>\n<dd><\/dd>\n<dd><\/dd>\n<dd><\/dd>\n<dd><\/dd>\n<dd>Marlies Huber-Boch und Sarah Obama, beide genossen den gemeinsamen Nachmittag.<\/dd>\n<\/dl>\n<\/div>\n<p>Zusammen mit Sarah Obama verbrachten Marlies Huber-Boch und Gabi Lingenfelser- Lutz einen besonders angenehmen, interessanten und sehr entspannten Nachmittag.<\/p>\n<p>Sarah Obama ist mit 89 Jahren eine beeindruckende und humorvolle Pers\u00f6nlichkeit, die ihren einfachen und bescheidenen Lebensstil konsequent beibehalten hat.<\/p>\n<p>Sie selbst war und ist immer noch karitativ t\u00e4tig und unterst\u00fctzt derzeit \u00fcber 140 Waisenkinder in ihrer Region.<\/p>\n<p>Erst die einbrechende Dunkelheit zwang zum Aufbruch zur\u00fcck nach Kisumu &#8211; nicht jedoch ohne die herzliche Einladung Mama Sarah beim n\u00e4chsten Aufenthalt in Kenia wieder zu besuchen.<\/p>\n<p>Und f\u00fcr die R\u00fcckfahrt gab es eine T\u00fcte frischer Mangos als &#8222;Wegzehrung&#8220;.<\/p>\n<p>(\u00dcbrigens, die letzten davon wurden in Karlsdorf beim Sonntagsfr\u00fchst\u00fcck verzehrt &#8211; durchaus wohlschmeckend&#8230;.).<\/p>\n","protected":false},"excerpt":{"rendered":"<p>Oktober 2012 Auslandspraktikum in Kenia &nbsp; Seit 1. Oktober 2012 absolviert Johanna ein Auslandspraktikum bei &#8222;hope&#8220; in unserem Projekt in Mbale. Sie ist somit unsere erste Praktikantin! Nach ihrem Abitur wollte Johanna ihren pers\u00f6nlichen Horizont erweitern; deshalb entschloss sie sich f\u00fcr eine sinnvolle und praxisbezogene T\u00e4tigkeit und hat sich bei &#8222;hope&#8220; f\u00fcr einen 2-monatigen Einsatz [&hellip;]<\/p>\n","protected":false},"author":1,"featured_media":0,"parent":0,"menu_order":0,"comment_status":"open","ping_status":"closed","template":"","meta":{"ngg_post_thumbnail":0,"footnotes":""},"class_list":["post-1710","page","type-page","status-publish","hentry"],"_links":{"self":[{"href":"https:\/\/www.hope-deutschland.de\/index.php?rest_route=\/wp\/v2\/pages\/1710","targetHints":{"allow":["GET"]}}],"collection":[{"href":"https:\/\/www.hope-deutschland.de\/index.php?rest_route=\/wp\/v2\/pages"}],"about":[{"href":"https:\/\/www.hope-deutschland.de\/index.php?rest_route=\/wp\/v2\/types\/page"}],"author":[{"embeddable":true,"href":"https:\/\/www.hope-deutschland.de\/index.php?rest_route=\/wp\/v2\/users\/1"}],"replies":[{"embeddable":true,"href":"https:\/\/www.hope-deutschland.de\/index.php?rest_route=%2Fwp%2Fv2%2Fcomments&post=1710"}],"version-history":[{"count":29,"href":"https:\/\/www.hope-deutschland.de\/index.php?rest_route=\/wp\/v2\/pages\/1710\/revisions"}],"predecessor-version":[{"id":4563,"href":"https:\/\/www.hope-deutschland.de\/index.php?rest_route=\/wp\/v2\/pages\/1710\/revisions\/4563"}],"wp:attachment":[{"href":"https:\/\/www.hope-deutschland.de\/index.php?rest_route=%2Fwp%2Fv2%2Fmedia&parent=1710"}],"curies":[{"name":"wp","href":"https:\/\/api.w.org\/{rel}","templated":true}]}}